w = 13 + -15. Let c be (4 + w)*16/2. Calculate the greatest common factor of m and c.
16
Suppose t - 5*o - 27 = -0*o, 3*o + 13 = -t. Let w = t + 0. Let b = -10 + 22. What is the highest common divisor of b and w?
2
Suppose 11 - 317 = 6*n. Let j = n - -58. Calculate the highest common factor of 77 and j.
7
Let d = -2500 - -3834. Calculate the greatest common factor of d and 29.
29
Suppose 4*m = 7*m - 30. Calculate the greatest common divisor of 35 and m.
5
Let k = -79 - -83. Calculate the greatest common factor of 56 and k.
4
Let b = 1 - 6. Let l(j) be the second derivative of -j**3/2 - 3*j**2/2 - 16*j. Let z be l(b). Calculate the greatest common divisor of z and 6.
6
Suppose 0 = -0*k - 3*k + 5*k. Let q = k - -14. Calculate the highest common factor of q and 14.
14
Let l be 19 + 2 - 2 - 1. Calculate the highest common factor of 78 and l.
6
Suppose -7*b + 5463 - 3678 = 0. What is the greatest common divisor of b and 17?
17
Let n be (-3 + (0 - 1))/(-4). Let f be 19/((n + -3)/(-2)). Calculate the highest common factor of 38 and f.
19
Let m be 1/(-4) + 706/8. Let u be 14/(-21)*-3 - -9. Calculate the highest common divisor of m and u.
11
Let h be (-40)/50 + (-12)/(-10)*59. Calculate the highest common divisor of h and 140.
70
Let a(j) = j - 2. Let u be a(-6). Let k be u/(-60) + 444/45. Calculate the highest common factor of 5 and k.
5
Let q be (2/3)/(4/(-786)). Let d = q + 187. What is the highest common factor of 8 and d?
8
Let z = -455 + 464. Let u be (-286)/(-4) - (-1)/2. What is the greatest common factor of z and u?
9
Let q(i) = -2*i + 6*i - 588 - 2*i + 162. Let h be q(0). Let a be 4/(-14) + h/(-21). Calculate the greatest common factor of a and 8.
4
Suppose g + 434 = 4*y, -2*g = -0*y - y + 112. Calculate the greatest common factor of y and 1728.
108
Let n be (-2 + -1)/(3/584). Let s be 3 + ((-871)/91 - (-8)/14). Let p be n/(-40) - s/(-10). What is the greatest common factor of 112 and p?
14
Let b(i) be the first derivative of i**4/4 - 2*i**3 + 2*i**2 + i - 9. Let f be b(6). Calculate the greatest common divisor of f and 10.
5
Suppose -75 = -w + 119. Suppose 0 = 9*b - 15*b + 222. Suppose 5*t + 0*v - w = 2*v, -v - b = -t. Calculate the greatest common divisor of t and 16.
8
Let i = -11 - -53. What is the highest common divisor of 196 and i?
14
Suppose 0 = -22*g + 20*g + 108. Calculate the greatest common divisor of 72 and g.
18
Let x(l) = -l**3 + 4*l**2 + 3*l - 4. Let j be x(3). Suppose -5*w - j = -194. Calculate the greatest common divisor of w and 54.
18
Let p(f) = -3*f + 63. Let j be p(9). Calculate the highest common divisor of 18 and j.
18
Let c = -8 - -3. Suppose 138*b - 143*b - 160 = 0. Let p = c - b. Calculate the greatest common factor of 108 and p.
27
Suppose -5*i + 4*j = -364, -4*j - 1 = -3*j. Let a(p) = 3*p**2 + 38*p + 11. Let h be a(-13). Calculate the highest common divisor of i and h.
24
Suppose -3*z = -3*f - 15, -3*z + 4*z = 5*f + 13. Calculate the greatest common divisor of z and 21.
3
Let y(k) = 56*k - 12. Let w(m) = 5*m - 1. Let f(h) = -68*w(h) + 6*y(h). Let j be f(-15). What is the highest common factor of j and 8?
8
Suppose -115 = -5*y - 5*x, -4*x + 12 - 50 = -y. Calculate the greatest common factor of 2 and y.
2
Let w = 188 + -170. What is the highest common factor of w and 45?
9
Suppose 3*r - 2*g = 45 + 19, -4*g = 8. Let b = -179 - -183. What is the greatest common factor of b and r?
4
Let w be (-18)/27 - 106/(-6). Calculate the greatest common factor of 17 and w.
17
Suppose -2*n - 25 = -7. Let a be 210/n*(-2 - (1 - 0)). What is the highest common divisor of a and 10?
10
Let r(u) be the first derivative of 4*u**2 + 2*u + 2. Suppose 33*h = 27*h + 6. Let j be r(h). What is the highest common factor of j and 15?
5
Let w = -26 + 24. Let x be (w/(-4))/(1/(-6)). Let r be ((-16)/2)/(3/x). What is the highest common divisor of 16 and r?
8
Let a be (112/6 + 2 + 0)*3. What is the greatest common factor of 651 and a?
31
Suppose -4*w + 14*s - 11 = 17*s, -4*w - 4*s = 16. Let q be 3 + 4 + 40 + w. What is the highest common factor of 36 and q?
12
Suppose -266*q = g - 263*q - 55, -54 = -g - 2*q. What is the highest common divisor of g and 104?
52
Let l(w) = w + 80. Let v be l(0). Let h be 1*1/(-3)*111. Let z = 57 + h. What is the greatest common divisor of v and z?
20
Suppose 0*o = -3*o + 1428. Calculate the greatest common divisor of 136 and o.
68
Let j be 4/(-26) - (626/(-13) - 2). Calculate the highest common divisor of 4 and j.
2
Let j be -2 + -3 + 2 - 2. Let m = 95 - 91. Let w be m/10 - 143/j. What is the greatest common divisor of w and 58?
29
Suppose -1328 - 8422 = -39*s. Calculate the greatest common divisor of 350 and s.
50
Let d be 19*7/((-7)/(-3)). Suppose -2*t - 9 = -d. What is the highest common factor of t and 16?
8
Let c be -17 - -11 - (-2 + 5 + -50). What is the highest common divisor of c and 820?
41
Let z = 4 - 5. Let t be 3*((-2)/3 + z). Let v be t*66/20*-14. What is the highest common factor of 21 and v?
21
Let q be (-2)/(-32)*-6 + (-70)/(-16). Calculate the highest common divisor of q and 166.
2
Let r be (-112)/(-12) + (-1)/3. Suppose 0*s + 4 = -3*s + 2*y, 0 = s + 2*y - 4. Let f be -4 + s + 0 - -103. What is the highest common factor of f and r?
9
Suppose -4*t - 16 = -52. Suppose 0*c + 3*c - t = 0. Suppose 0 = -v + c*u - 7*u + 127, -4*u - 159 = -v. What is the greatest common divisor of 13 and v?
13
Suppose -11*r + 1024 + 2386 = 0. Calculate the greatest common factor of 124 and r.
62
Let l(d) = -d**3 - 8*d**2 - 9*d - 2. Let o be l(-6). Let n = -89 + 122. Let j = n + o. What is the greatest common factor of j and 52?
13
Let s be ((-255)/(-25))/(1/(-5)). Let x be s/34*-1*6. What is the greatest common divisor of 1 and x?
1
Suppose -7 - 21 = -4*u. Suppose -i + 0*p + u = p, -p = -i + 11. Calculate the greatest common factor of i and 72.
9
Let m(u) = 42*u - 27. Let x be m(7). What is the greatest common divisor of x and 3?
3
Suppose z = 4*v - 22, -38*z + 33*z + 5*v - 155 = 0. Suppose 3*c + 25 + 91 = -4*u, 4*u = c - 100. Let l = u - z. Calculate the highest common divisor of l and 2.
2
Let y(n) = 20*n - 575. Let z be y(32). What is the greatest common factor of z and 1105?
65
Suppose 3*q = -3*j + 18 + 6, -29 = -3*j + 2*q. Calculate the highest common factor of j and 36.
9
Let p = 483 + -430. What is the highest common divisor of 1 and p?
1
Let t(r) = -2*r**2 - 84*r + 71. Let v be t(-42). What is the highest common factor of 2627 and v?
71
Let r be 2/(-4) + (-1287)/(-78). What is the greatest common factor of 432 and r?
16
Suppose -20*u - 176 + 196 = 0. Calculate the greatest common divisor of 25 and u.
1
Let p(f) = 4*f. Let q be p(-9). Let d = -20 - q. What is the highest common divisor of d and 16?
16
Suppose 2*m = 5*d + 481, -2*m + 3*d = -5*m + 774. What is the greatest common divisor of m and 44?
11
Let b(v) = 3*v + 3. Let l be b(7). Let n = -5 + l. Let k = 20 - -56. Calculate the greatest common divisor of n and k.
19
Let y(j) = 2*j**2 - j. Let w be y(2). Suppose w*s - s - 411 = 3*o, 4 = -2*o. What is the highest common factor of 18 and s?
9
Suppose -55*w - 7 = -56*w + 4*l, 3*l = 2*w - 19. What is the highest common factor of 3 and w?
1
Let a(n) = 4*n - 5. Suppose -s + 2*m + 0 = -21, -133 = -5*s - 4*m. Let h = s - 19. Let z be a(h). Calculate the greatest common factor of z and 209.
19
Let f be (14/8)/(1/4). Let h = f - 4. Suppose -h = -3*x + 3*m, -x + 3 = -2*m + 4. Calculate the highest common factor of x and 33.
3
Let g be 2/(-1)*1*16. Let f(t) = -13*t**2 + 115*t. Let d be f(9). Let s = d - g. What is the highest common divisor of s and 2?
2
Let p be -116*((-1750)/40)/25. Calculate the greatest common divisor of 77 and p.
7
Let i be 97 + 6 + (3 + -2)*0. Let q = 115 - i. What is the highest common factor of 4 and q?
4
Let q = 170 - 145. Calculate the greatest common factor of 25 and q.
25
Suppose i + 122 = n, 3*n + 3*i = 7*n - 492. Suppose 0*c = 2*c - n. Calculate the greatest common factor of 21 and c.
21
Let m(q) be the first derivative of -q**2 + 5*q - 8. Let s be m(-1). What is the greatest common divisor of 35 and s?
7
Suppose -5*y = -5*u + 90, y - 7*u + 2*u - 2 = 0. Let s(r) = 2*r + 1. Let c be s(-4). Let n = c - y. Calculate the highest common factor of n and 128.
16
Let i(v) = -v**3 - 24*v**2 - 9*v - 29.